-2)?
4
Let k(d) = d**3 - 9*d**2 - 6*d + 48. Suppose 3*v - 24 = -22*t + 21*t, 5*t + 2*v - 55 = 0. Determine k(t).
-6
Let n = 2466 + -2461. Let f(p) = p - 1. Let m(s) = -s + 1. Let a(w) = w**3 + 8*w**2 + 7*w + 4. Let v be a(-7). Let q(j) = n*m(j) + v*f(j). Give q(4).
-3
Let u(l) be the second derivative of l**3/3 - 9*l**2/2 + 4244*l. Let z(n) = n + 2 - 2*n + n**2 + 0. Let k be z(-2). Give u(k).
7
Suppose s = -2*s. Let p(y) be the first derivative of -y**2/2 + 11*y + 587. What is p(s)?
11
Let m(v) = -84*v**2 - v + 85*v**2 - 4*v + 3. Let w be (-6 + (-21)/(-4))*(-112)/(-21). Calculate m(w).
39
Let f(r) be the third derivative of r**5/20 - 37*r**4/24 - 25*r**3/6 + 138*r**2. Let k(s) = -s**2 + 12*s + 9. Let d(n) = 4*f(n) + 11*k(n). What is d(16)?
-1
Let f(g) be the first derivative of -g**2/2 - 11*g - 5484. Suppose 3*j - 2*j - 4 = 0. Let i = j - 4. Calculate f(i).
-11
Let d(n) = 259*n**2 + 648*n + 163. Let b(r) = 24*r**2 + 60*r + 15. Let t(k) = -54*b(k) + 5*d(k). Let m be (0 - -1)/(-2)*14. Determine t(m).
-44
Let y(s) = 2*s**2 - 11*s - 11. Suppose 4*a + 2*r - 20 = 0, 83*a - 82*a = 2*r + 15. What is y(a)?
10
Let o(x) = -3*x - 6. Let z(w) = 3*w + 7. Let c = -40 + 34. Let r(h) = c*z(h) - 7*o(h). Let j be ((-20)/(-30))/(2/3). What is r(j)?
3
Let b(p) = -2*p + 0*p + p + 1. Suppose -27*l + 10*l = 0. Suppose 11*h + 101 - 24 = l. What is b(h)?
8
Suppose -4*k + 2*k = -2. Let s = k + -2. Let v(w) be the second derivative of 7*w**3/2 - w**2/2 + 39416*w. Give v(s).
-22
Let l(p) = -6*p - 7*p - 16*p + 11 + 35*p - p. Give l(-3).
-4
Let x(r) be the third derivative of r**4/12 - 2971*r**2. Let z = 7 + -3. Suppose -23 = -z*n - 7. Calculate x(n).
8
Suppose -2*h = 2*o - 6, -3*h - 1 = -2*h - 3*o. Let c(g) be the first derivative of -g + 34 + 5/2*g**h. Determine c(-1).
-6
Suppose 21 = l + 3*s, -2*l + 30 = 20*s - 18*s. Let p(v) = 3*v - 5. What is p(l)?
31
Let d(k) = -46718*k - 6 + 23360*k + 23374*k + 4*k**2. Give d(-4).
-6
Suppose 3*b = 7*b + 20, g + 24 = -3*b. Let w(i) = 7*i - 10*i**2 - 2206239 + 2206241 - 10*i - i**3 - 4*i. What is w(g)?
-16
Let j(q) = 12*q - 6. Let l be j(3). Let v = -27 + l. Suppose 0 = -v*h + 11 + 13. Let k(n) = n**2 - 8*n + 7. Calculate k(h).
7
Let z(m) = m**3 - 32*m**2 + 60*m + 15. Let v = 6419 + -6389. Give z(v).
15
Let c be (30/9)/(2/(-6) + 1). Suppose 5*y + 36 = -v, 4*y + c*v + 6 = -27. Let x(k) = 4*k**2 - 5*k**2 - 5*k - 2*k + 8. What is x(y)?
8
Let d(p) = p - 34. Let o = 9524 + -9534. Give d(o).
-44
Let t(f) = -f**2 + 7*f - 10. Let q be t(3). Let w be 6/(-7)*(1 + -29)/q. Suppose -4*i - h - w = 0, -4*i + 0*h - 12 = -2*h. Let l(s) = -s**2 - 3. What is l(i)?
-12
Let g(c) = -c**2 - 2. Let f(w) = -w**2 + 8*w - 10. Let t be f(5). Suppose -4*a - 4 = 0, -5*q - 9 = t*a + 11. Calculate g(q).
-11
Let o(i) = -i**2 + 6*i + 4. Let p be (-81)/6*140/(-21). Suppose 4 = -89*l + p*l. Determine o(l).
12
Let m(j) = -j**2 + 5*j - 6. Let l = 24 + -8. Let q(p) = l - 5*p**2 + 18 - 43 + 14. Let n be q(0). Give m(n).
-6
Let x be (-4)/(-18) - (-4 - 1211/(-63)). Let h be ((-28)/(-10))/((-6)/x). Let j(y) = y**2 + 4 - 2*y - 5*y + 0*y**2. Calculate j(h).
4
Let j(x) = x**3 - 9*x**2 + 8*x - 9. Let n(f) = -f**3 + 11*f**2 - 9*f - 6. Let c be n(10). Suppose -c*o - 66 = -318. Let v be 12/(-21) + 540/o. Calculate j(v).
-9
Let f(n) be the first derivative of -2*n**2 + 2/3*n**3 - 140 - 5*n. Determine f(-2).
11
Let b be (-402)/(-9648) + 49/(-24). Let l(a) = -2*a**3 + a**2 + 7*a + 1. What is l(b)?
7
Let l be (36/(-72))/((-2)/(-52)). Let j(b) = b**3 + 14*b**2 + 13*b + 7. Give j(l).
7
Let k(o) = o**3 - 8*o**2 - 113*o + 106. Let r be k(-8). Let q(w) = -w**2 - 18*w - 14. What is q(r)?
42
Let m(t) = 7 - 1 + 1 + t. Let l = -1920 + 1926. Calculate m(l).
13
Suppose 0 = 30*z - 34*z + 4*h, 0 = 4*z + 3*h + 14. Let a(l) be the first derivative of -2*l**2 - l**2 + 1 + l - l. What is a(z)?
12
Suppose -168 = 1654*i - 1668*i. Let v(w) = -w - 1. Give v(i).
-13
Let o(l) = 9*l**2 + 2*l - 12. Let r(m) = -5*m**2 - m + 5. Let g(v) = -4*o(v) - 7*r(v). Give g(10).
-97
Suppose -4*a = -3*c - 0 + 9, -a + 3*c = -9. Let d(s) be the third derivative of -s**6/120 - s**5/10 + s**3/6 - 423*s**2. Calculate d(a).
1
Suppose -4*g - 190 = -2*y - 182, 4*y - 16 = 3*g. Let v(d) = 2*d**2 + d - 3. Give v(y).
33
Let t(j) = -9*j**2 - 12 + 9*j - 2*j**3 - 11*j**2 + 20*j**2 - 7*j**2 - 3*j**2. Give t(-6).
6
Let c(q) be the first derivative of -q**4/4 - 5*q**3/3 + 4*q**2 + 12*q - 2118. Determine c(-5).
-28
Let b(z) = -z**3 + 5*z**2 - 2*z + 2. Suppose -2*f = -10 - 12. Suppose 10*w - f = 29. What is b(w)?
10
Let q(f) = -23*f**2 + 15*f - 22. Let t(z) = -13*z**2 + 7*z - 10. Let x(k) = 4*q(k) - 7*t(k). Give x(11).
-18
Suppose -2*j - 2*j + 8 = 0. Suppose j = -2*k + 3*k. Let i(t) = -3*t + k - 2*t + 0 + 3*t**2 + 7*t. Give i(-2).
10
Suppose 8*b = -0*b + 32. Let o be (b*56/(-32))/(3 - 2). Let q(u) be the second derivative of -u**5/20 - 2*u**4/3 - 4*u**3/3 - 4*u**2 - 2*u. Give q(o).
-1
Let l(g) = 4*g**2 - 15*g - 52. Let m(t) = t**2. Let y(s) = -l(s) + 5*m(s). Give y(-8).
-4
Let v = -337 - -344. Let w(p) = -5*p**2 - 431 - v*p + 435 + 4*p**2. Determine w(-9).
-14
Let j(b) = -71*b + 21. Let o(c) = 84*c - 5039. Let g be o(60). Determine j(g).
-50
Suppose 12*z = -z + 39. Suppose -z*v = -x - 11, -4*v - 12 = x + 3*x. Let w(a) = -5*a - 1 + 4*a + 3*a**v - 2*a**2. Determine w(-4).
19
Let i(z) be the first derivative of -z**4/4 - 7*z**3/3 + z**2 + 37*z - 12966. What is i(-4)?
-19
Let u(r) = -r**3 + 20*r**2 + 1. Let s be u(20). Let n be (4/(-12))/(4/(-12)*s). Let t(o) = 15 - o**2 - 7 - 2*o - n + o. What is t(0)?
7
Let l(y) = y**3 - 2*y**2 - y + 2. Let m = 50 - 16. Let q = -32 + 61. Suppose q*v + 10 = m*v. What is l(v)?
0
Let c(f) = -f**2 + 18*f + 2. Let j be c(18). Let m(y) = y**j + y**3 + 12*y**2 + y**2 - 13*y + y**2 + 18 - 2*y**2. What is m(-14)?
4
Suppose -4*t - 2*t = -72. Suppose 0 = -17*f + t*f - 15. Let d(y) = 2*y - 6*y**2 + y**2 + 8*y**2 - 2 + 1. Give d(f).
20
Let t(z) = 2*z**3 + z**2 - z - 1. Let w(i) = -3*i**3 - 18*i**2 + 4*i - 18. Let g(q) = -2*t(q) - w(q). Give g(16).
-12
Let i(y) = -y**2 - 12*y - 43. Suppose 13*z = 842 - 946. Determine i(z).
-11
Let c(k) be the second derivative of 4*k**3/3 - 50*k**2 - 192*k - 1. Calculate c(12).
-4
Let l(c) = c**3 - 3*c**2 + 3. Suppose -99*g - 28 = -101*g. Suppose s - h = 6 - 2, s + 4*h + 6 = 0. Suppose 0*r + s*r - 9 = -3*f, 5*r - f = g. Calculate l(r).
3
Let v(y) = y**3 - 8*y**2 + 10. Suppose 4536 = -30*u + 16356. Let b = 402 - u. What is v(b)?
10
Let d(u) be the third derivative of -u**4/8 - 38*u**3/3 + 7*u**2 + 6. What is d(-23)?
-7
Let h(u) be the second derivative of -u**4 - 2*u**3/3 + 10*u**2 + 9*u + 3. Let y(n) = -n**2 - n + 3. Let m(z) = h(z) - 6*y(z). Give m(2).
-18
Let h = 216 - 219. Let n(l) = -2*l**2 - 4*l - 14. Determine n(h).
-20
Suppose a + 3 = -a - m, 5*m - 9 = 2*a. Suppose -108*n + 102*n + 12 = 0. Let t(h) = -177 - h**3 + 179 - h**2 + n*h**2 + 2*h. Calculate t(a).
10
Let l = -81 - -41. Let v = l + 43. Let f be (5/(-10))/(v/6). Let n(u) = 5*u**2 - u. Calculate n(f).
6
Let p(x) = x**2 + 8*x - 5. Let s(c) = -188*c + 1. Let f be s(1). Let w = 179 + f. Determine p(w).
-5
Let b(a) = -a**3 - 17*a**2 - 13*a + 47. Let y be b(-16). Let w(h) be the first derivative of -13*h**2/2 - h - 6. Determine w(y).
12
Let r(g) = -6*g - 3. Let z(c) = c**3 - 5*c**2 + 9*c - 13. Let b be z(4). Suppose 72 = -a - b*a. Let k(x) = x**3 + 9*x**2 - 2. Let t be k(a). What is r(t)?
9
Let p = -53 + 48. Let x(l) = -l**2 - 7*l + 3. Let m(w) = w**2 + 7*w - 2. Let d(y) = -3*m(y) - 2*x(y). Determine d(p).
10
Let o(h) be the third derivative of h**5/60 + h**4/24 - h**3/2 + 295*h**2. Let b = -460 - -462. Give o(b).
3
Let q = 1079057 + -1079059. Let f = -2 - -4. Let w(o) = 0*o + o**f + 3 + 3*o + o - o**3. Give w(q).
7
Suppose -2*c - 3*d + 118 = -39, 3*c - 238 = -4*d. Suppose -5*y + c = -104. Let a(q) = 1 + y*q**2 - 47*q**2 - q + 0. What is a(1)?
-9
Let z(p) = p**3 - 25*p**2 - 30*p + 91. Let t be ((-22)/(-44))/(-2 + (-315)/(-156)). Let g be z(t). Let m(a) = a**3 + 12*a**2 - 12*a. Determine m(g).
-13
Let r(c) = -2*c - 1. Let t(l) = 1. Let u(o) = 3*o + 6. Let x(d) = 4*t(d) + u(d). Let f be x(-11). Let m = f + 21. What is r(m)?
3
Let x(n) = -8*n + 61. Let q(o) = 7*o - 75. Let s(u) = -3*q(u) - 4*x(u). What is s(0)?
-19
Let s(m) = -m**3 + 8